5
What is (-290 - (-73 - 38)) + 89?
-90
What is 0 + -12 - (-44 + 40) - (23 + 7)?
-38
Calculate 0 + 8 + 468 + -473 - -3.
6
(25 + 65 - (11 + -8 - 0)) + -7 + 0
80
Calculate (-24 - (-18 - 0) - -23) + 24.
41
Calculate 66 + (-17 - (-20 + 14 + -3 + -1 + 4)).
55
11 + (-5 - (4 - -9))
-7
What is the value of (-12 - -18) + (-40 + 17 - (7 + -4))?
-20
(-18 - (68 + -171)) + 2 + -3 + 23
107
Evaluate -18 + 10 + 18 + -35 + 16 - (0 + 50).
-59
(-7 - -27) + (17 - 38) + -3
-4
-15 + 24 + -16 + (37 + -6 - -2)
26
-1 + (56 - 49) + (3 - (18 - -6))
-15
What is ((-121 - -151) + -16 - (-3 - -1 - -1)) + -113?
-98
Calculate -146 + (0 - 2) + -44 + -36 + 98.
-130
Evaluate -25 + 6 + -27 + 15.
-31
Calculate 1440 + -1456 - (-2 + -22).
8
What is the value of -109 - (-9 - (-5 - 4)) - (-42 + 0 + 33)?
-100
Calculate 6 - (57 + 11 + 5 + 0) - -16.
-51
Calculate (20 - (-5 + -13)) + 14 - 1.
51
What is (-10 - (-37 + 2 - (-139 - -123))) + 15?
24
What is the value of 86 - (188 + -79 + 55)?
-78
Evaluate -6 + -2 - 1 - (-88 + (53 - (-11 - -76))).
91
What is 33 - (-23 + 68 + -55)?
43
Evaluate 6 + -74 + (-29 - -10 - (-9 - 6)).
-72
Calculate 107 - (29 + 101 + -140).
117
What is the value of 18 + -22 + 68 - (-21 + -7)?
92
Evaluate -8 + 35 + -56 + 30.
1
(3081 - 3115) + (-17 - -2)
-49
Calculate 26 + (40 - (14 + -15)).
67
What is the value of -31 + (8 - -12 - 3 - 0)?
-14
Calculate -2 + -3 + (-2 - (9 + 3 + -1)).
-18
Calculate 40 + -25 - 53 - (-29 + 119).
-128
30 - (-29 - (-54 - 2))
3
What is the value of (1 - 6) + 8 + (-40 - 6 - -10 - -2)?
-31
Evaluate 7 - (-2 + 13 + 49 + -66 + 9).
4
What is 51 - (0 - (8 + 19)) - 28?
50
What is (-2 - -27) + 65 + -134?
-44
Calculate 42 + -88 + 6 - -46.
6
Calculate (-26 - -2) + (-269 - -308) + 16 + 0.
31
(-4 - (-3 - -17 - 24)) + 29 + -10
25
(-24 - (8 - (2 - -4))) + (9 - (13 - 5))
-25
1 + (5 - -4) + 22 + 20 + -84
-32
What is 26 + (6 - (11 - (-23 + 17)))?
15
-13 - -1 - (-28 - (-11 - -7))
12
What is -4 + 9 + (0 - 2) + (-45 - -48) - -55?
61
Calculate -34 - (97 - (94 + -49 + 2)).
-84
What is the value of -56 - (-111 - (-8 - 42))?
5
Evaluate 61 + -61 - (4 + (57 - (-5 + (5 - -2)))).
-59
10 + -32 + 2 + (-15 - (-8 + 5))
-32
Calculate (4 + -2 - -66) + (-28 - (-84 + 53)).
71
Evaluate 11 - 3 - -3 - 20 - 23 - -6.
-26
Evaluate (-7 - (6 + 2 + 0 - 5)) + 5.
-5
34 + -22 + (-33 - -5 - 3)
-19
What is -1 + 3 - (-17 - -77) - (-232 - -223)?
-49
(2 - -2) + (-7 + -18 - -16 - (-55 - -1))
49
Calculate -125 + -55 + 129 + 61.
10
What is the value of -13 + (6 - 3) - ((-10 - 3) + -39)?
42
What is the value of (-75 - -27) + 3 + -14 + 15 + 10?
-34
What is 18 - -34 - 27 - 34?
-9
Evaluate 44 - ((-7 - 1) + (-14 - -18) + 10 + -8).
46
81 + (66 - 282) + 68
-67
Calculate (340 - (-129 - -461)) + (-59 - ((1 - 0) + 1)).
-53
-34 + -4 - ((-72 - -5) + -9)
38
Calculate 21 - (((-1 - -1) + 0 - -4) + -257 + 255).
19
Calculate 168 + -166 + (18 + -14 - (13 - (0 - -4))).
-3
What is 19 - 69 - (80 + -165)?
35
(85 - 38) + 20 + -70
-3
What is the value of -489 + 495 - ((-23 - 1 - 0) + (-2 - -1))?
31
What is the value of (-12 - 1) + (-3 - -5) + 120 + -52?
57
What is (0 - -2 - -8) + (-215 - (-12 + -206))?
13
Calculate 60 + (68 - -73) + -94.
107
Evaluate (3 - 7) + -175 + 194.
15
Calculate (-61 - -2) + 1436 + -1402 - 66.
-91
Evaluate (15 - ((2 - 6 - (93 + 11)) + 11)) + -12.
100
Evaluate -77 + 48 + 2 - -38.
11
Calculate 89 + (63 - 1) + -93.
58
Calculate -5 - (-222 - (-73 + -94)).
50
What is (-22 - -1) + 12 - (-6 + 1 + 1)?
-5
9 + (-22 - (-6 - 12)) + 3
8
-1 + -38 - (140 + (-98 - -39))
-120
Evaluate -16 + 1 - (12 - (-28 + 0 + 44)).
-11
Calculate -55 + 7 - (14 + (-64 - -28)).
-26
3038 + -3083 - (2 + -29 + -3)
-15
What is the value of 9 - ((247 - 114) + -24)?
-100
What is the value of 124 + (-124 - 50) + 40?
-10
What is the value of 34 + ((-2 - 5) + 2 - -5) + -5?
29
What is the value of 200 - (-3 - -67) - 13 - (-1 - -20)?
104
Evaluate 31 - (2 + (-18 - -1 - (108 - 117))).
37
(-16 + -39 - 0) + (24 - 2)
-33
6 + (178 + -179 - (-1 - 2)) + -121 - -5
-108
Evaluate 82 + 0 - (136 + 16 + -128).
58
Calculate (-8 - (57 + -12)) + 22.
-31
What is -1 + -6 - (-39 + (-773 - -772) + (-19 - 1))?
53
202 - 175 - (1 + 6) - (-145 + 80)
85
What is 75 + -82 + (15 - 13) + (-1 + 2 - 30)?
-34
Calculate -48 - (41 - 23 - 31) - 14.
-49
What is the value of 13 + (-48 - -106) + -52?
19
Calculate -66 + (21 + -38 - -23).
-60
(-2 - 2) + 0 - (-115 - (-13 - -91 - 132))
57
Calculate (-27 - -16) + 20 - (3 + -153 + 10).
149
Calculate -20 - (-39 + (8 + -3 - 124)).
138
What is the value of (-35 - (-30 + 0 + 172 + -163)) + 42 + -1?
27
Calculate 119 + (-270 - -74) + (-4 - (8 + 3)).
-92
What is the value of 20 + -75 + 35 + (2 - 0 - 2)?
-20
What is the value of 5 + ((-18 - -10 - -4) + 17 - (68 - 14))?
-36
Evaluate (5 - (-11 + 11) - -3 - 12) + 7.
3
What is the value of 1 + 32 - (29 + -46 + -1 + 4)?
47
What is the value of 1 - (12 - 6 - -12 - 4 - -9)?
-22
What is 6 + -8 + (-2 - (-4 - 8)) + (-51 - -74)?
31
(15 - 8) + (-123 - -51)
-65
Calculate -45 - ((-4 - (11 - 17)) + -11 + 1).
-37
What is the value of (-59 - -48) + 39 + -63?
-35
What is the value of (5 - (-88 - -46 - -44)) + 27 + 1?
31
-59 + 30 + 4 - (-11 - (2 + (-3 - 2)))
-17
What is (-31 - 23) + 89 + -34?
1
What is the value of 13 - -1 - (15 + -23 + 8)?
14
What is the value of -30 - (-153 + (59 - -20))?
44
Calculate -1 + -12 + 6 + -75 + -3 - 1.
-86
What is -39 + 70 + -9 + -38 + 20 + 0?
4
Evaluate -89 + 28 + -35 + 96.
0
Evaluate (-28 + 13 - (-56 - (-1 - -11))) + (-2 - -1).
50
What is the value of 10 + -5 + 2 - (-259 + 232) - (1 - -4)?
29
Calculate (12 - (51 + -10)) + (1 - 4) + 6.
-26
Evaluate (-83 - -125) + -36 + (-10 - 2 - -1) + -66.
-71
Calculate (-2 - (8 - 1)) + 16 + (6 - -4) + -7.
10
What is the value of (43 + -52 - 48) + 16?
-41
What is (3 - -61 - (48 + -44)) + 5 + 4 + 5?
74
What is -17 + 17 + (47 - 87)?
-40
Evaluate (8 + -4 + -15 + 5 - -33) + 5 + -2.
30
What is 1 + -6 + -5 + 8 + (-13 - (6 + -4))?
-17
What is (11 + 5 - 8) + (-242 - -302)?
68
What is 21 + (0 + (-17 - -4 - -5) + 8 - 6)?
15
Evaluate -28 + (-24 - (-4 + -7) - (-16 + -3)).
-22
What is 39 + -10 - 11 - (-35 - -9)?
44
What is the value of -7 - (24 + (-1 - 8)) - (4 + -2)?
-24
What is -4 + 20 + (4 - (5 - 3) - 10)?
8
Evaluate 13 - (-47 - -18 - (-9 - -44)).
77
1 - (14 + 4 + -13 + -29) - (4 + 2)
19
What is the value of -3 + 40 - (4 + 2 - -6 - (24 - 19))?
30
Evaluate 45 - (-115 + (179 - -27)).
-46
Calculate 18 + (119 - 67) + -82.
-12
What is 126 - 155 - (-2 + -7 - 62)?
42
Evaluate -3 + -63 + 6 + (-12 - -14) + (-8 - 0).
-66
What is (0 - 2) + -12 + (9 - (61 - -7))?
-73
What is (11 + -8 - -4) + -6 + 0 + (-159 - -107)?
-51
Evaluate -37 + 49 + -27 + 100 + -7.
78
Evaluate -78 + 2 + -3 + 5 + (60 - 11 - 50).
-75
(-9 - -110) + (-1 - -20) + -44 + 33
109
Evaluate 13 + -1 - (-25 - (33 + -126) - 27).
-29
What is 79 - (-10 - -45) - 37 - -22?
29
What is (5 - (0 - -5 - 1)) + 2 + 7 - -58?
68
What is 45 + (54 + -59 - 40)?
0
What is the value of 32 + (-22 - (-18 - -10)) - 52?
-34
-856 - -938 - (153 - 0)
-71
What is (-120 - (-123 + 60)) + 30?
-27
Calculate 9 - (78 + -81 + (-2 - -2)).
12
Evaluate -23 + 8 + 5 + (-54 + 39 - -30).
5
What is the value of -316 + 348 + 2 + 0?
34
Calculate -53 + 19 + 55 + -1 + 6.
26
What is (-2 + 7 - -19) + -691 + 711?
44
What is the value of 35 + -1 - (-143 + 214)?
-37
Evaluate -36 + (-11 + -22 - -45).
-24
What is the value of -1 - -15 - 1 - (-119 + (127 - 57))?
62
Calculate 13 - (-12 + 17 - 15 - -31).
-8
What is the value of 5 + -20 + 0 + 6 + (13 + -4 - -6)?
6
What is the value of -121 + (30 + 0 - 0)?
-91
What is -50 - (-50 + 15 + 18 + (-4 - -2))?
-31
Calculate (-1388 - -1358) + (-9 - -140).
101
Calculate (5 - (16 - 7)) + (-174 - -143).
-35
What is the value of -23 + (3 - (2 + 17)) + (643 - 672)?
-68
-6 - -14 - (-17 + 39 + -6 - 8) - 37
-37
What is -215 + 134 - -103 - (0 - 2)?
24
What is the value of (-46 + 7 - (-172 + 152)) + -5?
-24
What is 1 - 3 - -133 - ((131 - 239) + 120)?
119
What is -23 - (5 + (3 + -21 - -1))?
-11
What is the value of (-7 - -44) + (-307 + 319 - (12 + 2))?
35
What is 48 - ((43 - 0) + -445 + 425)?
25
Calculate (-11 - -10) + -5 - 35.
-41
5 + 29 + -31 + -10 + -34 + 2
-39
What is (-42 - -7) + (-1 - -20)?
-16
What is 18 + (-68 - -2) + 47?
-1
3 + -39 - (-1055 + 960)
59
80 + -3 + 1371 + -1478
-30
Calculate (-2 - (0 + 2 + -3)) + (11269 - 11312).
-4